76. Is d a composite number?
False
Let m(w) = -43*w - 176. Let c be m(-4). Is (-4 - (-10948)/16)/((-3)/c) composite?
False
Let m(h) = 14*h**2 - 11*h - 17. Let n be 2/4*-4 + (-12 - -8). Is m(n) composite?
True
Suppose 148*v = 4711621 - 1474269. Is v a prime number?
False
Let s(y) = y - 6. Let c be s(9). Suppose 5*k - 121 = c*z - 4337, 2*z - 3*k = 2809. Is z a composite number?
True
Let p be (-2)/(-4) - (-18)/4. Let d(g) = -2*g**3 - 111*g**2 + 161*g - 135. Let n be d(-57). Suppose -n = -p*r + 35. Is r prime?
False
Is (-27)/((-243)/(-36)) - -93375 prime?
True
Let d be 192/32 + -5 + -1. Suppose -3*s + 28141 = 5*f - d*s, 2 = s. Is f a composite number?
True
Suppose 16 = -2*o + 64. Is 13276/7 + o/7 + -3 a composite number?
True
Let o = -629 + 629. Suppose o*u = u - 4831. Is u a prime number?
True
Suppose 3*t + 34 = 2*a + 3, -3*a + t + 64 = 0. Let k(g) = 2*g**2 - 29*g - 57. Is k(a) prime?
False
Let j(w) be the second derivative of w**4/12 - 7*w**3/6 + 2*w**2 - 7*w. Let d be j(7). Suppose -3*f + 2739 = -d*x + x, -f - x = -921. Is f composite?
True
Is (4 + (-14190700)/80)/((-1)/4) composite?
False
Let c(a) = 3078*a**3 - 4*a + 1. Let y(q) = -3078*q**3 + 5*q - 1. Let i(b) = -5*c(b) - 4*y(b). Is i(-1) composite?
True
Let s be 18 - (5/1 - 3). Let b be 30/(-1)*s/40. Is 9/(-6) + (-4782)/b a composite number?
False
Suppose -z = -1, 3*z + 460 = -d - 761. Let v = d - -2705. Is v prime?
True
Let z = -30932 - -49452. Let r = z + -10019. Is r composite?
False
Let m = 49923 + -8914. Is m a prime number?
False
Let r(p) = -2*p**2 - p - 26. Let s be r(13). Let v = 2084 - s. Is v composite?
True
Suppose 14012*q - 13995*q = 1614439. Is q prime?
False
Let z(n) = 438*n**3 + 9*n**2 - 12*n - 17. Is z(4) prime?
True
Let u(r) = -r**2 + 5*r + 9. Let f be u(5). Suppose 3*w = -3*p + 20034, 0*w + 13353 = 2*p + 3*w. Is 2/3 + p/f composite?
False
Suppose 3*b - 35523 = 2*q, 59218 = -203*b + 208*b + q. Is b a composite number?
True
Let n(c) = 3*c**2 - 53*c + 36. Let a be n(17). Suppose -11407 = -a*h + z, 5*z = 5*h - 7661 - 20869. Is h composite?
False
Is 15*(14 - (-242583)/55) prime?
False
Suppose -4*f + 5*n = -20, 3*n - 20 = -f + 8*n. Suppose f = -5*d - 223 + 253. Suppose 3*q + 207 = d*q. Is q a composite number?
True
Let y(h) = 3*h + 2. Let s be y(1). Suppose 8*c - 3*c - 45 = -5*d, -2*d = s*c - 33. Suppose -c*k - 541 = -6*k. Is k a composite number?
False
Suppose 5*k - 13 = -3*c, 0 = 2*k + 5*c - 0 + 10. Suppose 0 = -k*p + 1076 - 381. Let g = p + -6. Is g a composite number?
True
Let k = 18721 - -577792. Is k a prime number?
False
Let f = -11889 - -6798. Let s = -2822 - f. Suppose s + 2096 = 9*h. Is h a prime number?
False
Is (3/((-3)/5))/(6/(-438546)) prime?
False
Let h(q) = 204*q**2 + 170*q + 41. Is h(10) prime?
False
Suppose -4*h = 42 - 34. Is (-1 - -150)*(h - (-168)/8) a prime number?
False
Let s = -236118 + 556949. Is s composite?
True
Is ((-12966)/21)/(-13 - (-90)/7) a prime number?
False
Suppose -c + 19 = -4*b + 2*c, 2*b = 3*c - 17. Let w(i) = -365*i + 6. Is w(b) prime?
False
Suppose -16*x - 50589 = 380163. Let u = x - -91889. Is u prime?
False
Let z(c) = -1049*c - 389. Is z(-32) a prime number?
True
Suppose 7*z - 10*z + 9 = 0. Suppose 798 = -z*w + 18693. Is w a prime number?
False
Suppose -2*o + 168 = 154. Suppose -o*i - 12319 + 32808 = 0. Is i a prime number?
True
Suppose 5*z - 4*s - 762909 = 0, -39*z + s = -41*z + 305174. Is z prime?
False
Suppose 0 = -10*t - 474812 + 4606382. Suppose 0 = -11*z + 76156 + t. Is z a composite number?
False
Suppose 5*f - 1890*r - 421505 = -1885*r, f + 4*r - 84291 = 0. Is f composite?
False
Is (6 - 1)*((8 - -73) + -22) a composite number?
True
Let q be (-5)/(-50) + (-6)/60. Suppose -r + 303 + 152 = q. Suppose -16*x - r = -29*x. Is x prime?
False
Let u(g) = 221*g**2 - g - 6. Let r be u(8). Suppose -r = 4*q - 13*q. Suppose -2*s = 3*s + 5*a - q, -2*s - a = -631. Is s composite?
False
Let t = -296 - -945. Let h = t + -528. Is h composite?
True
Let p(i) = 24*i**3 - 2*i**2 - 11*i - 6. Let y be p(8). Let t = y + -3659. Is t prime?
False
Let w(h) = 21537*h**3 + 8*h**2 - 3. Is w(1) composite?
True
Suppose 5*u + 6 = 3*o, 6*o - o - 5*u = 0. Let v(x) = 5*x + 17. Let s be v(o). Suppose 4*q + 0*q - 38 = -5*w, 2*q = s*w - 26. Is w composite?
True
Let u(w) = 16*w**2 + 1. Let h be u(-2). Suppose -3*i + 33 = -a - 4*i, h = -2*a - 3*i. Is (17/a)/((-1)/1886) a composite number?
True
Let h(v) be the third derivative of 13*v**4/3 - 5*v**3/6 + 2*v**2. Suppose -9*f + 7 = -11. Is h(f) prime?
False
Let p = -5965 + 10959. Let a = p + -2727. Is a prime?
True
Suppose -x = -3*r - 6 - 189, -3*r = -6. Let y = -188 - x. Let w = 698 + y. Is w composite?
True
Let c(t) = 10*t**2 - 12*t - 29. Suppose -18*f - 73 = 179. Is c(f) a prime number?
True
Suppose -227*i + 13369528 = -3994504 - 1208427. Is i prime?
True
Is (-35)/(-15) - 120820280/(-84) prime?
False
Suppose 2*g - 4*u + 75275 = 823525, -21 = 3*u. Is g prime?
True
Suppose 2*p - p + 11 = -3*o, -25 = 5*o + 5*p. Let n = -29 + 971. Is ((n/4)/o)/(12/(-168)) a prime number?
False
Suppose -1507873 = -4*j + 3*s, 0 = -4*j + 5*s + 1132262 + 375609. Is j composite?
False
Let r = -49 - -55. Is r/57 + 4349134/38 prime?
True
Suppose 62*w - 58*w - 52269 = -5*d, -3*w = 5*d - 39208. Is w a composite number?
True
Let i = 1148 + 2366. Suppose 21*h - 7*h - i = 0. Is h a composite number?
False
Suppose -a - 2*v - 8 = 0, -3*v = 3*a + 16 - 7. Let r(x) = -72*x**2 + 4*x - 5. Let i(q) = q - 1. Let m(y) = 2*i(y) - r(y). Is m(a) a composite number?
True
Let m(q) = q**3 + q**2 + 3*q + 4874. Let v be m(0). Suppose z - 4*s - 421 = 790, 4*z - s - v = 0. Is z prime?
False
Suppose 8*u - 15690 = 28006. Is u composite?
True
Let h(i) = -46*i**3 - 2*i**2 + 6*i - 19. Let x(s) = s**3 - s**2 + s - 1. Let w(m) = -h(m) + 6*x(m). Is w(3) composite?
False
Suppose 0 = 61*t - 66*t. Suppose s - 4*a - 4543 = t, -9*s - a + 22736 = -4*s. Is s a composite number?
False
Let x(n) = -9936*n + 365. Let v be x(-10). Suppose 25*c = 31050 + v. Is c a prime number?
True
Let l(q) = 4*q**3 + 13*q**2 - 10*q - 6. Let m(g) = -5*g**3 - 15*g**2 + 12*g + 5. Let v(i) = -4*l(i) - 3*m(i). Let b = -15 + 4. Is v(b) a composite number?
False
Let p(d) = -117*d**3 - 2*d**2 + 11*d + 27. Let s(n) = -233*n**3 - 3*n**2 + 20*n + 53. Let g(f) = -11*p(f) + 6*s(f). Is g(-7) prime?
False
Is (-3325 + -1)*(-44 - 5) + -3 a composite number?
False
Suppose 0 = 3*s + 3*y - 23979, s + y - 7977 = -4*y. Is s a composite number?
True
Suppose -5*n = 4*h + 540, -3*h - 61 - 479 = 5*n. Let s = 1619 + n. Is s composite?
False
Let l be 82159/(-55) - (-2)/(-10). Let z = -865 - l. Is z a prime number?
False
Let v be (-9)/(-21) - (-4 - (-176674)/(-14)). Suppose 63559 = 5*d + 3*o, 3*o + 63482 = 4*d + v. Is d a prime number?
True
Let d be (-14)/12*-41843 + (-30)/(-180). Suppose -8*v + d = 5705. Is v prime?
False
Let x(f) = 2*f**2 - 2. Let v be 3 + -3 - (-1)/1. Let j be x(v). Suppose j*q - 21 = -3*q. Is q a prime number?
True
Let o(v) be the second derivative of 2*v**3/3 - 8*v**2 - 30*v. Let y be o(4). Suppose -724 = -3*q + 5*w - 0*w, 2*q + 5*w - 441 = y. Is q prime?
True
Suppose -6250407 = 307*c - 324*c. Is c composite?
True
Suppose -g + 3*g = -3*v, -4*g = 5*v. Suppose 30 = 12*z - 18*z. Is (v - 127/5)*z composite?
False
Let p = -315 - -364. Suppose 40*m + 10269 = p*m. Is m prime?
False
Let q(v) = -3591*v - 12616. Is q(-29) composite?
True
Suppose -6 - 8 = -2*q. Let g be (-1 + -4)*(-7)/q. Suppose -g*c - 5*f + 3365 = 0, -689 = -c - 0*c - 5*f. Is c composite?
True
Suppose 14*g + 25084386 = 52*g - 20*g. Is g prime?
True
Let k = 617 - 1113. Let g = 1037 + k. Is g a composite number?
False
Let k be (1*2/(-3))/(25/(-75)). Let i(q) = 2336*q**2 + 2*q - 2. Let n be i(k). Suppose 5*y - n = 7669. Is y a prime number?
False
Let m(c) = -6*c**3 - 13*c**2 - 104*c + 697. Is m(-28) a composite number?
True
Suppose 0 = -71*o + 13404572 - 18788183 + 61425118. Is o a prime number?
False
Let z(u) = -u**3 - 4*u**2 + 6*u + 4. Let m be z(-5). Let i(h) = h + 1. Let q be i(m). Is (q - 2/3)/(7/(-3759)) a composite number?
True
Suppose 2*m - 44996 = 2*b, -2*b - 135806 = -5*m - 23307. Is m prime?
True
Let r be ((2684 + -8)/2)/2. Let x(y) = -10*y - 4. Let u be x(3). Let g = u + r. Is g composite?
True
Let m = -647206 + 1037103. Is m a prime number?
True
Su